 = d**3 - 8*d**2 + 14*d - 20. Is t(13) composite?
True
Let c be 25067/9 + 11/((-198)/4). Is c - (-3 + 2)*0 composite?
True
Let n = 7945086 + -4550177. Is n prime?
False
Suppose 0 = -3*k - 2*n + 1124, -2*k + 724 = -8*n + 3*n. Suppose -k = -5*l + 1073. Is (10 - 11) + 6*l composite?
False
Suppose -k + 5*v - 4*v = -21210, -3*v = 3*k - 63642. Suppose 3*u = -u + k. Is u prime?
True
Suppose -372*b = -367*b + n - 292010, -2*n + 58393 = b. Is b composite?
False
Suppose -2*c - 394007 = 20*a - 25*a, 0 = a - c - 78799. Is a a prime number?
True
Let y(c) = -5 - 11*c + 23*c + 240*c**2 - 11*c. Let i be y(3). Suppose 0 = j + n - i, -1204 + 7679 = 3*j + 4*n. Is j a prime number?
False
Let w = -23202 + 3208. Let h = -12873 - w. Let k = -4416 + h. Is k composite?
True
Let j(n) = -4*n + 146*n**2 + n - 12 - 3*n + 33. Is j(-7) a composite number?
True
Is 28/((-101147340)/(-4214469) - 24) composite?
True
Is (-333)/(-18)*(-9)/(27/(-62346)) prime?
False
Let b = 559134 - -39083. Is b prime?
False
Let t(o) = -o**3 - 35*o**2 - 88*o - 1217. Is t(-45) a prime number?
True
Let b(l) = l - 5. Let x be b(7). Let t = 2285 + -2282. Suppose x*p - 343 = -4*v + 1215, -2*p - t*v = -1561. Is p composite?
True
Is 0/7 + 4 - -206167 composite?
True
Suppose -5*t - 4 = -34. Is -6*t/18 + 2047 composite?
True
Suppose 0*s - 36 = -4*m + 4*s, -4*m - 5*s + 18 = 0. Let r be ((-6)/m)/((-42)/392). Let t(b) = 62*b - 9. Is t(r) prime?
True
Suppose 8*j = 3*c + 3*j - 343192, 2*c + 4*j = 228758. Is c a composite number?
True
Let i(y) = 17*y**2 + 238*y - 50. Is i(23) prime?
False
Suppose -7*a = -45*a + 76. Suppose -3*x + 3801 = 3*u - 3492, -a = -u. Is x composite?
True
Suppose -2957*w = -2976*w + 2658499. Is w composite?
False
Suppose -5*j = -2*v + 7, 0*j = 2*v - j - 11. Suppose f - 205 = -4*a, -2*a + v*f = f - 75. Suppose -2*w + 776 = -a. Is w a prime number?
False
Suppose 0 = -y - 32 + 52. Let h be y/8*(-4)/(-5) + 5. Suppose h*l + l = 2696. Is l prime?
True
Let u be (-2)/5*1*-55*1. Suppose 78222 - 13828 = u*h. Is h prime?
True
Suppose 0 = 57*w - 55*w - 384974. Suppose w = 19*i + 4*i. Is i a prime number?
True
Let p = -92 + 95. Suppose -2*f + 15955 = p*q, -2*q - 15980 = -4*f + 2*f. Is f a composite number?
True
Let r(t) = -t**3 - t - 2*t**2 - 148 + 153 + 2*t. Let l be r(-3). Suppose -l*s + 4969 = -3798. Is s prime?
True
Suppose -3*t - 2*y + 352554 = -22305, 0 = -4*t - 5*y + 499819. Is t composite?
False
Suppose -36*h + 16598802 + 5955933 = -15*h. Is h prime?
False
Suppose 3*h = 18*a - 22*a + 791563, -1187302 = -6*a + 4*h. Is a a composite number?
False
Is 110094 + 2*66/(-12) composite?
False
Let k be 117/(-585)*1*0/(-1). Is 5 + k + (-5 - (-3140 - -3)) a prime number?
True
Suppose -3*x = 4*p + 11024, -x + 7*p = 4*p + 3679. Let z = 9723 + x. Is z a prime number?
True
Let g(b) = b**3 + 19*b**2 + 29*b - 85. Let l be g(-17). Let j(u) = -u + 10. Let f be j(5). Suppose -5*y = f*q - 2940, 4*y + q - 2349 = -l*q. Is y prime?
True
Suppose 556 - 514 = 3*i. Suppose 17*d - 53258 = -i*d. Is d a composite number?
True
Let w(s) = 550*s + 205. Let o(j) = 18*j**2 + 7*j + 5. Let v be o(-1). Is w(v) a composite number?
True
Let l = 230573 - 157102. Suppose 0 = -29*n + l + 15936. Is n a prime number?
True
Let y(x) = -x**3 + 93*x**2 - 77*x - 953. Is y(62) a prime number?
True
Suppose -4*l - 5 = -3*v, -3*l = 4*v + 2*l - 17. Suppose r = 4*r - v. Is ((-4)/24*-3)/(r/502) a composite number?
False
Let b(y) = -32*y**3 + 36*y**2 + 76*y + 823. Is b(-37) prime?
False
Suppose 0 = -16*m + 92213 + 48859. Is m composite?
True
Suppose 0 = -6*m - 3*m - 1395. Let l = 1844 + -1308. Let s = l + m. Is s prime?
False
Suppose 3*z - 2*o = 2926050, 2*z = 4*o + 639023 + 1311677. Is z/150 + 1/((-6)/(-4)) a composite number?
True
Suppose 8*u = 9*u - 4. Let z be (u - -603) + (-1 - 0). Suppose 16*g = 14*g + z. Is g prime?
False
Let a(z) = 4*z**3 - 6*z**2 - 40*z + 17. Let u(c) = c + 7. Let w be u(1). Is a(w) a composite number?
False
Let w be (-2 - -6)/(3/(-6)). Let f(b) = 17*b**2 + 6*b - 16. Let d be f(w). Suppose -5*h - 3*m = -1240, -3*h + 4*m = h - d. Is h a prime number?
True
Suppose 4*m + b + 2*b = 18437, -b + 4610 = m. Is m a composite number?
True
Suppose 0 = -4*v + 7*v - k - 278, 74 = v - 5*k. Suppose -2*d - 100 = -v. Is 2 + d/(-3) + 2048 a composite number?
True
Suppose 192*a = 161*a + 1605397. Is a a prime number?
True
Let b(z) = 2*z**2 + 2*z - 1. Let f be b(-2). Let j(w) = w + 13*w**2 + 11 - 2 - 6 + 4. Is j(f) a prime number?
True
Let k(s) be the second derivative of s**5/4 + s**4/4 + 7*s**3/6 - 3*s**2 - 14*s. Let z be k(4). Suppose z + 281 = h. Is h prime?
False
Suppose 650619 = 54*h - 475227. Is h composite?
False
Suppose 25*a + 30*a + 7963065 = 0. Is (0 - a/6)*(-96)/(-144) a prime number?
True
Let a = -115 - 97. Let f = a - -1203. Is f a prime number?
True
Suppose -12093 = -3*v + 5*u + 207593, 3*u - 366200 = -5*v. Is v composite?
False
Let l = 715173 + -367996. Is l prime?
True
Suppose -54472 = -4236*r + 4228*r. Is r composite?
True
Suppose 37*q = 4*q + 2283501. Is q a prime number?
True
Let x be (-72)/(-33) + (-6)/33. Suppose -x*n - 17 = -3*s, 3 = -n + 5. Let i(w) = w**2 + 36*w + 16. Is i(s) prime?
True
Let o be ((-6)/(-3) + 10)*1/2. Suppose -9*t - 3*b + 17745 = -o*t, 0 = t + 2*b - 5911. Is t a prime number?
False
Let u(j) = -j**3 - 4*j**2 - 6*j - 5. Let o be u(-3). Suppose w = 4*g - 4*w - 6055, 0 = 5*g - o*w - 7562. Let m = g - 501. Is m composite?
False
Suppose 22016 = 6*r - 64228. Is r a prime number?
False
Suppose -2*n = 3*q - 162, 0 = -12*q + 13*q + 2*n - 58. Let t be (4 - 2/1) + 0. Suppose -q - 121 = -t*a + 3*k, -5*a = -k - 413. Is a composite?
True
Let o be 12/(-8)*14942*(-3)/(-9). Let t = o - -15332. Is t prime?
False
Let i = -169 - -172. Suppose 5*z - 19080 = -5*j, 2*j = -i*z + 8044 - 413. Is j a prime number?
False
Suppose 2*s - n - 43180 = 0, 7*n + 16 = 3*n. Suppose -s = -4*z - 3*c + 9059, 5*c - 5 = 0. Is z composite?
True
Let u be (-5706)/15 - (-2)/5. Let b = -896 - u. Let q = b - -767. Is q a prime number?
True
Let z = 36 - 32. Suppose -6 = -z*o + 6. Suppose 3*c + 10856 = 5*x - 1206, -4823 = -2*x + o*c. Is x composite?
True
Let v = 310346 + -98545. Is v prime?
True
Suppose 0 = -4*y - 0*y + 16, -5*x - 2*y + 283 = 0. Let i = x - 51. Suppose -g - 539 = -i*g - l, 2*g - l = 351. Is g composite?
True
Suppose -3*c + 2441975 = x, 28*x - 29*x - 3255948 = -4*c. Is c a composite number?
True
Let c = -4036 + 199685. Is c prime?
False
Let z be (-7642)/6*(-9)/(3 - 2). Suppose -2*g = -5*k + 17424 + z, -4*k - 2*g = -23124. Is k a composite number?
False
Suppose -115*l + 4675517 = -3474188. Is l a prime number?
True
Let k(m) = 2488*m**2 - 491*m + 6. Is k(-5) a composite number?
False
Suppose 4107280 = 11*d - 3*d + 72*d. Is d a prime number?
True
Suppose -j = -5*l + j - 5295, -3*l + 3*j - 3186 = 0. Let c = -311 - l. Is c composite?
True
Is (-122988510)/(-81)*15/10 prime?
False
Suppose -5*g + u + 28181 = -8*g, 3*g + 5*u + 28165 = 0. Let n = 22138 + g. Is n composite?
False
Suppose 0 = 7*d - 20*d - 0*d + 77753. Is d a prime number?
True
Let z be (-9)/((-45)/575) + 0/(-1). Suppose -111*f + z*f - 10684 = 0. Is f composite?
False
Suppose 36 = 9*c - 9. Suppose -2*t - 3*l = -4*l - 8401, -c*t - l = -21006. Is t a composite number?
False
Let t = 284650 + -191171. Is t a prime number?
True
Let a = -45147 - -415616. Is a prime?
False
Let v(z) = 10*z**2 - 15*z - 9. Suppose 0*m - 5*u + 5 = -5*m, -9 = 3*m - u. Is v(m) a prime number?
True
Let v(p) = 0*p**3 - 261 - 3*p + p**3 + 34*p**2 + 266. Is v(-17) prime?
True
Let t(m) = 19 - 27 - 39*m + 1073*m + 569*m. Is t(19) prime?
True
Let j(i) = -i**3 + 26*i**2 - 21*i + 43. Let k(b) = 6*b - 29. Let q be k(6). Let g be (-2)/(-7) + ((-173)/q)/(-1). Is j(g) a prime number?
False
Let h be (2 - 4 - 4)*-1. Let a(m) be the third derivative of 22*m**4/3 + m**3/6 + 30*m**2 - 6*m. Is a(h) a prime number?
False
Is 194*-1*(-2238)/60*(-2 + 7) prime?
False
Suppose t + 9*d - 16 = 4*d, 5*t - d = -24. Is 1/4*23516 + t + 3 a prime number?
False
Let i = -1443 + 4787. Suppose -4*t + i = a, 5*t = -2*a + 3*t + 6682. Suppose 24*k - 20*k = a. Is k composite?
True
Let u(d) = 2*d**2 - 615*d + 1106. Is u(-156) composite?
True
Is (1*-243686)/(-35 - 561/(-17)) prime?
True
Let z(d) = -810*d + 619. Is z(-23) prime?
True
Let w be (5/((-15)/9